{"id":3,"date":"2020-09-03T19:41:03","date_gmt":"2020-09-03T17:41:03","guid":{"rendered":"http:\/\/bg-euregio.de\/de\/?page_id=3"},"modified":"2025-09-03T11:38:58","modified_gmt":"2025-09-03T09:38:58","slug":"privacy-policy","status":"publish","type":"page","link":"https:\/\/bg-euregio.de\/de\/privacy-policy\/","title":{"rendered":"Datenschutzverordnung"},"content":{"rendered":"\n<h2 class=\"wp-block-heading\">Bulgarischen Kultur- und Bildungszentrum Euregio e.V.<\/h2>\n\n\n\n<p><em>Unsere Homepage-Adresse lautet: https:\/\/bg-euregio.de\/de<\/em><\/p>\n\n\n\n<h2 class=\"wp-block-heading\"><strong>Datenschutzverordnung des \u201eBulgarischen Kultur- und Bildungszentrum Euregio e.V.\u201c<\/strong><\/h2>\n\n\n\n<p>Im Interesse der Darstellung der Vereinsziele\/Vereinszwecke und einer damit verbundenen \u00d6ffentlichkeitsarbeit (z.B. Pr\u00e4sentationen, Events, Internetpr\u00e4senz usw.) mit dem Ziel, neue Interessenten und Mitglieder zu gewinnen sowie Vereinsmitglieder aktuell zu informieren, beh\u00e4lt sich das BKBZ Euregio e.V. vor, personenbezogene Daten zu verarbeiten, zu nutzen und zu speichern. Die Zustimmung dieser Regelung ist mit dem Eintritt in den Verein gew\u00e4hrleistet. Der Vorstand des Vereins weist ausdr\u00fccklich auf die \u00c4nderung in der Datenschutzverordnung einmal j\u00e4hrlich w\u00e4hrend der Jahresversammlung hin.<\/p>\n\n\n\n<p>Es wird ferner darauf hingewiesen, dass ausreichende technische Ma\u00dfnahmen zur Gew\u00e4hrleistung des Datenschutzes getroffen wurden. Dennoch kann bei einer Ver\u00f6ffentlichung von personenbezogenen Mitgliederdaten (u.a. Personenbildnissen) im Internet und lokalen Medien ein umfassender Datenschutz nicht garantiert werden. Die Mitglieder sind \u00fcber die Risiken f\u00fcr eine eventuelle Pers\u00f6nlichkeitsrechtsverletzung hiermit informiert. Der Verein weist daraufhin, dass die personenbezogenen Daten auch in Staaten m\u00f6glicherweise abrufbar sind, die keine der Bundesrepublik Deutschland vergleichbaren Datenschutzbestimmungen haben. BKBZ Euregio e.V. kann folglich nicht f\u00fcr Art und Form der genannten Nutzung durch Dritte haftbar gemacht werden.<\/p>\n\n\n\n<p>\u00dcberdies sei dar\u00fcber informiert, dass der Provider der Seiten Informationen in so genannten Server-Log-Daten, die automatisch an uns \u00fcbermittelt werden, erhebt und speichert. Dies sind Browser Typ und Browser Version, verwendetes Betriebssystem, Referrer URL, Hostname des zugreifenden Rechners, Uhrzeit der Serveranfrage sowie IP-Adresse. Cookies, die zur Durchf\u00fchrung des elektronischen Kommunikationsvorgangs oder zur Bereitstellung bestimmter, von Ihnen erw\u00fcnschter Funktionen erforderlich sind, werden auf Grundlage von Art. 6 Abs. 1 lit. f DSGVO gespeichert. Der Webseitenbetreiber hat ein berechtigtes Interesse an der Speicherung jener Daten zur technisch fehlerfreien und optimierten Bereitstellung seiner Dienste.<\/p>\n\n\n\n<p>Die Mitglieder wurden ausdr\u00fccklich erkl\u00e4rt, dass die Einwilligung freiwillig erfolgt und jederzeit gegen\u00fcber dem vertretungsberechtigten Vorstand\/Gesch\u00e4ftsf\u00fchrung schriftlich ohne Angabe von Gr\u00fcnden mit Wirkung f\u00fcr die Zukunft widerrufen werden kann. Soweit die Einwilligung nicht widerrufen wird, gilt sie zeitlich unbeschr\u00e4nkt.<\/p>\n\n\n\n<div class=\"wp-block-columns is-layout-flex wp-container-core-columns-is-layout-28f84493 wp-block-columns-is-layout-flex\">\n<div class=\"wp-block-column is-layout-flow wp-block-column-is-layout-flow\" style=\"flex-basis:100%\">\n<div class=\"wp-block-columns is-layout-flex wp-container-core-columns-is-layout-28f84493 wp-block-columns-is-layout-flex\">\n<div class=\"wp-block-column is-layout-flow wp-block-column-is-layout-flow\">\n<p>Aachen, 9.09.2018 <\/p>\n<\/div>\n\n\n\n<div class=\"wp-block-column is-layout-flow wp-block-column-is-layout-flow\"><\/div>\n\n\n\n<div class=\"wp-block-column is-layout-flow wp-block-column-is-layout-flow\">\n<p>Dobromir Mashev<\/p>\n<\/div>\n<\/div>\n<\/div>\n<\/div>\n\n\n\n<h3 class=\"wp-block-heading\">\u00a0<\/h3>\n","protected":false},"excerpt":{"rendered":"<p>Bulgarischen Kultur- und Bildungszentrum Euregio e.V. Unsere Homepage-Adresse lautet: https:\/\/bg-euregio.de\/de Datenschutzverordnung des \u201eBulgarischen Kultur- und Bildungszentrum Euregio e.V.\u201c Im Interesse<\/p>\n","protected":false},"author":1,"featured_media":0,"parent":0,"menu_order":0,"comment_status":"closed","ping_status":"open","template":"","meta":{"colormag_page_layout":"default_layout","footnotes":""},"class_list":["post-3","page","type-page","status-publish","hentry"],"_links":{"self":[{"href":"https:\/\/bg-euregio.de\/de\/wp-json\/wp\/v2\/pages\/3","targetHints":{"allow":["GET"]}}],"collection":[{"href":"https:\/\/bg-euregio.de\/de\/wp-json\/wp\/v2\/pages"}],"about":[{"href":"https:\/\/bg-euregio.de\/de\/wp-json\/wp\/v2\/types\/page"}],"author":[{"embeddable":true,"href":"https:\/\/bg-euregio.de\/de\/wp-json\/wp\/v2\/users\/1"}],"replies":[{"embeddable":true,"href":"https:\/\/bg-euregio.de\/de\/wp-json\/wp\/v2\/comments?post=3"}],"version-history":[{"count":2,"href":"https:\/\/bg-euregio.de\/de\/wp-json\/wp\/v2\/pages\/3\/revisions"}],"predecessor-version":[{"id":22,"href":"https:\/\/bg-euregio.de\/de\/wp-json\/wp\/v2\/pages\/3\/revisions\/22"}],"wp:attachment":[{"href":"https:\/\/bg-euregio.de\/de\/wp-json\/wp\/v2\/media?parent=3"}],"curies":[{"name":"wp","href":"https:\/\/api.w.org\/{rel}","templated":true}]}}

<h2 class="wp-block-heading">Bulgarischen Kultur- und Bildungszentrum Euregio e.V.</h2>



<p><em>Unsere Homepage-Adresse lautet: https://bg-euregio.de/de</em></p>



<h2 class="wp-block-heading"><strong>Datenschutzverordnung des „Bulgarischen Kultur- und Bildungszentrum Euregio e.V.“</strong></h2>



<p>Im Interesse der Darstellung der Vereinsziele/Vereinszwecke und einer damit verbundenen Öffentlichkeitsarbeit (z.B. Präsentationen, Events, Internetpräsenz usw.) mit dem Ziel, neue Interessenten und Mitglieder zu gewinnen sowie Vereinsmitglieder aktuell zu informieren, behält sich das BKBZ Euregio e.V. vor, personenbezogene Daten zu verarbeiten, zu nutzen und zu speichern. Die Zustimmung dieser Regelung ist mit dem Eintritt in den Verein gewährleistet. Der Vorstand des Vereins weist ausdrücklich auf die Änderung in der Datenschutzverordnung einmal jährlich während der Jahresversammlung hin.</p>



<p>Es wird ferner darauf hingewiesen, dass ausreichende technische Maßnahmen zur Gewährleistung des Datenschutzes getroffen wurden. Dennoch kann bei einer Veröffentlichung von personenbezogenen Mitgliederdaten (u.a. Personenbildnissen) im Internet und lokalen Medien ein umfassender Datenschutz nicht garantiert werden. Die Mitglieder sind über die Risiken für eine eventuelle Persönlichkeitsrechtsverletzung hiermit informiert. Der Verein weist daraufhin, dass die personenbezogenen Daten auch in Staaten möglicherweise abrufbar sind, die keine der Bundesrepublik Deutschland vergleichbaren Datenschutzbestimmungen haben. BKBZ Euregio e.V. kann folglich nicht für Art und Form der genannten Nutzung durch Dritte haftbar gemacht werden.</p>



<p>Überdies sei darüber informiert, dass der Provider der Seiten Informationen in so genannten Server-Log-Daten, die automatisch an uns übermittelt werden, erhebt und speichert. Dies sind Browser Typ und Browser Version, verwendetes Betriebssystem, Referrer URL, Hostname des zugreifenden Rechners, Uhrzeit der Serveranfrage sowie IP-Adresse. Cookies, die zur Durchführung des elektronischen Kommunikationsvorgangs oder zur Bereitstellung bestimmter, von Ihnen erwünschter Funktionen erforderlich sind, werden auf Grundlage von Art. 6 Abs. 1 lit. f DSGVO gespeichert. Der Webseitenbetreiber hat ein berechtigtes Interesse an der Speicherung jener Daten zur technisch fehlerfreien und optimierten Bereitstellung seiner Dienste.</p>



<p>Die Mitglieder wurden ausdrücklich erklärt, dass die Einwilligung freiwillig erfolgt und jederzeit gegenüber dem vertretungsberechtigten Vorstand/Geschäftsführung schriftlich ohne Angabe von Gründen mit Wirkung für die Zukunft widerrufen werden kann. Soweit die Einwilligung nicht widerrufen wird, gilt sie zeitlich unbeschränkt.</p>



<div class="wp-block-columns is-layout-flex wp-container-core-columns-is-layout-28f84493 wp-block-columns-is-layout-flex">
<div class="wp-block-column is-layout-flow wp-block-column-is-layout-flow" style="flex-basis:100%">
<div class="wp-block-columns is-layout-flex wp-container-core-columns-is-layout-28f84493 wp-block-columns-is-layout-flex">
<div class="wp-block-column is-layout-flow wp-block-column-is-layout-flow">
<p>Aachen, 9.09.2018 </p>
</div>



<div class="wp-block-column is-layout-flow wp-block-column-is-layout-flow"></div>



<div class="wp-block-column is-layout-flow wp-block-column-is-layout-flow">
<p>Dobromir Mashev</p>
</div>
</div>
</div>
</div>



<h3 class="wp-block-heading"> </h3>
